 greatest common factor of 1050 and 119.
7
Calculate the greatest common divisor of 93 and 713.
31
Calculate the highest common divisor of 5219 and 51.
17
What is the highest common divisor of 240 and 135?
15
What is the highest common factor of 350 and 238?
14
Calculate the highest common factor of 1250 and 10.
10
Calculate the highest common divisor of 105 and 35.
35
What is the greatest common divisor of 1 and 243?
1
Calculate the highest common factor of 2546 and 1206.
134
Calculate the greatest common factor of 22 and 31900.
22
Calculate the greatest common factor of 66 and 6.
6
Calculate the highest common divisor of 68 and 391.
17
Calculate the highest common divisor of 156 and 108.
12
Calculate the highest common factor of 28 and 238.
14
What is the highest common factor of 1020 and 24?
12
Calculate the greatest common divisor of 82 and 3239.
41
What is the highest common divisor of 5808 and 165?
33
Calculate the greatest common factor of 112411 and 13.
13
Calculate the highest common factor of 1254 and 3234.
66
Calculate the highest common divisor of 185 and 37.
37
What is the greatest common factor of 25 and 400?
25
What is the highest common factor of 94 and 423?
47
What is the greatest common factor of 4626 and 18?
18
What is the greatest common factor of 195 and 273?
39
What is the highest common factor of 375 and 4625?
125
Calculate the greatest common factor of 65 and 13.
13
What is the highest common factor of 19 and 143?
1
Calculate the greatest common factor of 124439 and 203.
203
What is the highest common factor of 50 and 300?
50
Calculate the greatest common factor of 52 and 11986.
26
Calculate the greatest common factor of 3324 and 72.
12
Calculate the highest common divisor of 58 and 2088.
58
What is the greatest common divisor of 101 and 27371?
101
Calculate the greatest common factor of 37471 and 14.
7
What is the highest common divisor of 21 and 133?
7
Calculate the highest common divisor of 361 and 76.
19
What is the highest common divisor of 36 and 4?
4
Calculate the greatest common factor of 792 and 495.
99
What is the greatest common divisor of 20246 and 191?
191
Calculate the highest common factor of 65 and 1885.
65
Calculate the highest common factor of 12 and 32.
4
What is the highest common divisor of 187 and 221?
17
Calculate the highest common divisor of 58 and 13166.
58
What is the highest common factor of 1350 and 100?
50
Calculate the greatest common divisor of 180 and 51210.
90
What is the highest common divisor of 180 and 140?
20
What is the highest common divisor of 3903 and 6?
3
What is the greatest common divisor of 6 and 258?
6
What is the highest common factor of 30 and 1965?
15
What is the greatest common divisor of 126 and 19026?
126
Calculate the highest common factor of 87 and 1479.
87
Calculate the greatest common divisor of 14 and 266.
14
What is the highest common factor of 256 and 2?
2
What is the greatest common factor of 619 and 3?
1
What is the greatest common divisor of 29934 and 90?
18
Calculate the highest common divisor of 308 and 42.
14
What is the greatest common factor of 231 and 12551?
77
What is the greatest common divisor of 6 and 192?
6
Calculate the highest common factor of 135 and 2115.
45
What is the greatest common divisor of 250 and 10?
10
Calculate the greatest common divisor of 360 and 6210.
90
Calculate the greatest common divisor of 13082 and 62.
62
Calculate the highest common divisor of 24 and 756.
12
What is the highest common divisor of 2420 and 121?
121
What is the highest common factor of 112 and 88816?
112
What is the greatest common divisor of 46 and 4278?
46
Calculate the highest common factor of 273 and 12831.
273
Calculate the highest common factor of 3197 and 695.
139
What is the greatest common factor of 368 and 2816?
16
What is the highest common factor of 128 and 20?
4
Calculate the greatest common divisor of 23 and 943.
23
Calculate the highest common divisor of 92 and 68.
4
What is the highest common factor of 25 and 1025?
25
What is the greatest common factor of 84 and 106?
2
What is the highest common divisor of 368 and 92?
92
Calculate the greatest common factor of 123 and 7257.
123
What is the greatest common factor of 8676 and 4?
4
What is the greatest common divisor of 1037 and 122?
61
Calculate the greatest common factor of 6100 and 75.
25
What is the highest common divisor of 44 and 209?
11
Calculate the highest common factor of 1340 and 180.
20
What is the highest common factor of 186 and 204?
6
What is the greatest common divisor of 39 and 2548?
13
What is the greatest common factor of 480 and 600?
120
What is the highest common factor of 280 and 9940?
140
Calculate the greatest common divisor of 962 and 13.
13
What is the greatest common factor of 678 and 6?
6
What is the greatest common divisor of 80 and 3?
1
What is the highest common factor of 35796 and 228?
228
Calculate the highest common factor of 75 and 180.
15
Calculate the highest common factor of 92 and 506.
46
Calculate the highest common divisor of 1219 and 212.
53
What is the highest common factor of 126 and 180?
18
Calculate the highest common factor of 6633 and 134.
67
What is the greatest common factor of 1562 and 1278?
142
What is the highest common factor of 5026 and 14?
14
Calculate the greatest common divisor of 9 and 576.
9
Calculate the highest common divisor of 42 and 3507.
21
Calculate the greatest common factor of 137 and 3973.
137
Calculate the highest common divisor of 105 and 1435.
35
Calculate the highest common factor of 650 and 50.
50
Calculate the highest common factor of 140 and 175.
35
Calculate the greatest common divisor of 37 and 444.
37
Calculate the highest common divisor of 280 and 70.
70
Calculate the highest common divisor of 2831 and 298.
149
What is the highest common factor of 464 and 32?
16
What is the greatest common divisor of 3483 and 648?
81
Calculate the highest common factor of 161 and 7.
7
Calculate the greatest common divisor of 84 and 180.
12
What is the greatest common factor of 122 and 3965?
61
What is the greatest common divisor of 52 and 12?
4
What is the greatest common divisor of 86 and 4?
2
What is the greatest common divisor of 132 and 492?
12
What is the greatest common divisor of 3318 and 735?
21
What is the highest common factor of 14 and 2086?
14
What is the greatest common factor of 23115 and 690?
345
What is the greatest common divisor of 48 and 384?
48
Calculate the highest common factor of 255 and 221.
17
Calculate the highest common divisor of 397 and 1.
1
What is the greatest common divisor of 1884 and 48?
12
Calculate the highest common factor of 156 and 234.
78
What is the highest common factor of 19232 and 96?
32
What is the greatest common factor of 75 and 2075?
25
Calculate the greatest common factor of 392 and 56.
56
What is the greatest common factor of 6972 and 84?
84
What is the greatest common factor of 292 and 219?
73
What is the greatest common divisor of 1428 and 672?
84
What is the greatest common divisor of 190 and 646?
38
Calculate the greatest common factor of 3 and 26.
1
What is the highest common factor of 96 and 9?
3
Calculate the highest common divisor of 4465 and 95.
95
What is the highest common divisor of 783 and 696?
87
What is the greatest common factor of 16 and 248?
8
What is the greatest common factor of 162 and 108?
54
What is the highest common factor of 15 and 3?
3
Calculate the greatest common factor of 88 and 110.
22
Calculate the highest common divisor of 14232 and 24.
24
What is the greatest common divisor of 27 and 13122?
27
Calculate the highest common factor of 8879 and 39.
13
What is the highest common divisor of 84 and 24?
12
What is the greatest common factor of 14 and 98?
14
What is the greatest common divisor of 806 and 234?
26
What is the highest common factor of 30 and 810?
30
Calculate the highest common factor of 325 and 1125.
25
Calculate the highest common factor of 452 and 4294.
226
Calculate the greatest common factor of 48 and 176.
16
Calculate the greatest common factor of 8 and 712.
8
Calculate the highest common factor of 3440 and 129.
43
Calculate the highest common divisor of 114 and 78.
6
What is the highest common factor of 64 and 12?
4
Calculate the grea